e
Is 14 a factor of 36704?
False
Is 180 a factor of 555660?
True
Is 22 a factor of 713658?
True
Is 21 a factor of 184695?
True
Is 25 a factor of 4122382?
False
Does 38 divide 711942?
False
Does 25 divide 442800?
True
Is 2558628 a multiple of 27?
True
Does 891 divide 2268486?
True
Is 328 a factor of 4354632?
False
Is 373632 a multiple of 24?
True
Does 167 divide 84502?
True
Is 29 a factor of 2395197?
True
Is 426 a factor of 6688943?
False
Is 3373298 a multiple of 38?
True
Is 324398 a multiple of 122?
True
Does 58 divide 3260760?
True
Is 547150 a multiple of 50?
True
Does 163 divide 340181?
True
Does 65 divide 521743?
False
Does 36 divide 22021626?
False
Is 190008 a multiple of 56?
True
Is 2376436 a multiple of 148?
True
Is 769806 a multiple of 41?
False
Does 13 divide 297141?
True
Is 94 a factor of 234951?
False
Does 66 divide 82915?
False
Is 891 a factor of 316274?
False
Is 5251338 a multiple of 54?
True
Is 875922 a multiple of 6?
True
Is 11 a factor of 123475?
True
Is 3 a factor of 118011?
True
Is 1062257 a multiple of 263?
True
Is 741036 a multiple of 94?
False
Does 126 divide 257998?
False
Is 31966 a multiple of 5?
False
Does 248 divide 230189?
False
Is 649408 a multiple of 32?
True
Is 60 a factor of 11410?
False
Is 18 a factor of 427191?
False
Is 137934 a multiple of 18?
True
Is 2474375 a multiple of 261?
False
Is 3626625 a multiple of 27?
False
Does 858 divide 9310158?
True
Is 16163868 a multiple of 28?
True
Is 122998 a multiple of 3?
False
Is 700 a factor of 2097024?
False
Does 5 divide 186146?
False
Is 28 a factor of 1270864?
True
Is 600 a factor of 2714961?
False
Is 251 a factor of 2477283?
False
Is 25 a factor of 112538?
False
Is 10 a factor of 934290?
True
Is 1193219 a multiple of 339?
False
Is 94 a factor of 576502?
True
Does 8 divide 1418302?
False
Is 3260180 a multiple of 14?
True
Does 369 divide 244647?
True
Is 755410 a multiple of 339?
False
Is 77 a factor of 9005?
False
Is 2272548 a multiple of 447?
True
Is 3564 a multiple of 6?
True
Is 176 a factor of 684?
False
Is 155725 a multiple of 12?
False
Is 21875 a multiple of 7?
True
Does 121 divide 736890?
True
Does 171 divide 1613385?
True
Is 12 a factor of 11988384?
True
Is 52 a factor of 172796?
True
Does 94 divide 136770?
True
Is 1890672 a multiple of 14?
True
Is 56699 a multiple of 38?
False
Is 163 a factor of 3521941?
True
Is 252 a factor of 64008?
True
Does 935 divide 16743754?
False
Does 5 divide 8313?
False
Is 199127 a multiple of 6?
False
Is 963440 a multiple of 70?
False
Is 14795100 a multiple of 15?
True
Does 30 divide 690?
True
Is 26 a factor of 682063?
False
Is 2498481 a multiple of 6?
False
Does 2 divide 826433?
False
Does 306 divide 6151824?
True
Does 16 divide 114464?
True
Is 171 a factor of 2354492?
False
Is 470 a factor of 85183?
False
Is 17 a factor of 668644?
True
Is 2272599 a multiple of 8?
False
Is 510625 a multiple of 215?
True
Is 261 a factor of 109881?
True
Is 234976 a multiple of 144?
False
Is 274158 a multiple of 43?
False
Does 16 divide 666368?
True
Is 356 a factor of 4277359?
False
Does 19 divide 8937118?
False
Is 10 a factor of 1951610?
True
Is 2613358 a multiple of 16?
False
Is 122 a factor of 5805736?
True
Is 347543 a multiple of 7?
True
Does 49 divide 719271?
True
Is 474238 a multiple of 484?
False
Does 17 divide 262055?
True
Does 109 divide 96574?
True
Is 318351 a multiple of 56?
False
Is 278323 a multiple of 14?
False
Is 1012 a factor of 3299120?
True
Does 9 divide 133723?
False
Does 71 divide 154894?
False
Is 473471 a multiple of 47?
False
Is 1919827 a multiple of 132?
False
Is 349440 a multiple of 70?
True
Is 7581938 a multiple of 13?
True
Is 62707 a multiple of 31?
False
Is 99 a factor of 36234?
True
Is 126 a factor of 335664?
True
Is 17 a factor of 63201?
False
Is 2359044 a multiple of 486?
True
Does 67 divide 1879537?
False
Does 35 divide 792918?
False
Does 15 divide 5658576?
False
Is 204 a factor of 97106?
False
Is 172 a factor of 66392?
True
Is 132350 a multiple of 114?
False
Is 102 a factor of 87312?
True
Does 26 divide 231816?
True
Does 110 divide 176200?
False
Is 51 a factor of 1314650?
False
Does 5 divide 33550?
True
Does 14 divide 654656?
False
Is 63 a factor of 792984?
False
Is 8056 a multiple of 38?
True
Is 13 a factor of 2424357?
True
Does 296 divide 489880?
True
Does 28 divide 284998?
False
Does 106 divide 3604212?
True
Does 24 divide 1881?
False
Is 7778345 a multiple of 1531?
False
Is 102830 a multiple of 13?
True
Is 12 a factor of 37174?
False
Is 526 a factor of 2396565?
False
Does 15 divide 2204852?
False
Does 27 divide 105831?
False
Is 1139620 a multiple of 20?
True
Is 216018 a multiple of 19?
False
Is 30210 a multiple of 20?
False
Is 17 a factor of 18700?
True
Does 44 divide 516312?
False
Is 11 a factor of 749296?
False
Does 39 divide 1655529?
False
Is 1753055 a multiple of 5?
True
Is 101946 a multiple of 26?
True
Does 5 divide 175885?
True
Does 18 divide 471294?
True
Does 14 divide 27622602?
True
Is 520622 a multiple of 163?
True
Does 1419 divide 4814667?
True
Does 475 divide 1156733?
False
Is 23 a factor of 210174?
True
Is 790776 a multiple of 14?
True
Is 372951 a multiple of 57?
True
Is 61 a factor of 1359629?
True
Is 5071 a multiple of 149?
False
Does 15 divide 3056580?
True
Is 12313 a multiple of 3?
False
Is 64 a factor of 443393?
False
Is 49 a factor of 281343?
False
Is 89 a factor of 8524632?
False
Does 27 divide 3439125?
True
Does 43 divide 210141?
True
Does 25 divide 368875?
True
Is 1135260 a multiple of 17?
True
Is 12 a factor of 1644732?
True
Is 136 a factor of 442544?
True
Does 118 divide 13597140?
True
Is 4 a factor of 221844?
True
Does 220 divide 3147760?
True
Does 5 divide 436165?
True
Does 344 divide 147576?
True
Is 6978 even?
True
Is 419 a factor of 1407421?
True
Does 65 divide 3573570?
True
Is 201316 a multiple of 140?
False
Is 224485 a multiple of 85?
True
Does 12 divide 11161081?
False
Is 9 a factor of 7881525?
True
Does 21 divide 89712?
True
Is 170693 a multiple of 11?
False
Is 18 a factor of 4027?
False
Is 412500 a multiple of 275?
True
Is 70 a factor of 5504870?
True
Does 561 divide 355807?
False
Does 6 divide 132858?
True
Does 11 divide 1719896?
False
Does 560 divide 2028523?
False
Is 707 a factor of 2215031?
True
Is 83 a factor of 4850568?
False
Is 354 a factor of 9596562?
False
Does 5 divide 719161?
False
Is 541 a factor of 5471133?
True
Is 3162616 a multiple of 121?
False
Is 26325 a multiple of 25?
True
Is 10393691 a multiple of 13?
False
Is 4677762 a multiple of 703?
True
Is 6206040 a multiple of 120?
True
Is 76881 a multiple of 523?
True
Is 3498 a multiple of 3?
True
Is 201 a factor of 241457?
False
Is 11 a factor of 54149?
False
Is 1121698 a multiple of 101?
False
Does 33 divide 562744?
False
Is 823 a factor of 1907090?
False
Is 18 a factor of 353240?
False
Does 4 divide 2252744?
True
Does 16 divide 155636?
False
Is 2134911 a multiple of 381?
False
Does 220 divide 807138?
False
Is 81 a factor of 2712852?
True
Does 87 divide 46806?
True
Is 3018195 a multiple of 27?
True
Is 297713 a multiple of 8?
False
Does 309 divide 12978?
True
Is 2396564 a multiple of 74?
True
Does 24 divide 22488?
True
Does 8 divide 9660584?
True
Does 22 divide 784894?
True
Is 17110488 a multiple of 239?
True
Does 14 divide 414134?
True
Is 286 a factor of 2172742?
True
Does 20 divide 660764?
False
Is 6501990 a multiple of 330?
True
Is 11 a factor of 13156330?
True
Does 7 divide 75348?
True
Does 2 divide 22177?
False
Is 9 a factor of 1860706?
False
Is 26 a factor of 1699906?
True
Is 226 a factor of 17326516?
True
Is 16 a factor of 16434?
False
Is 18 a factor of 1303452?
True
Is 12409388 a multiple of 82?
True
Is 390373 a multiple of 7?
False
Is 12221205 a multiple of 15?
True
Does 31 divide 160301?
True
Does 378 divide 2827818?
True
Does 35 divide 648169?
False
Is 2427972 a multiple of 3?
True
Is 40 a factor of 213908?
False
Does 432 divide 85646?
False
Is 321 a factor of 9824847?
True
Is 42530 a multiple of 5?
True
Is 1651104 a multiple of 336?
True
Is 48 a factor of 199920?
True
Is 190644 a multiple of 49?
False
Is 18041789 a multiple of 136?
False
Is 238 a factor of 3156198?
False
Does 21 divide 579238?
False
Is 125940 a multiple of 20?
True
Is 5 a factor of 244975?
True
Is 3790425 a multiple of 69?
False
Does 11 divide 6